
True
Does 166 divide 61687924?
True
Does 186 divide 88622589?
False
Does 346 divide 8746880?
True
Does 101 divide 172843262?
False
Is 8379888 a multiple of 472?
True
Is 13 a factor of 59783680?
False
Is 14983099 a multiple of 9?
False
Is 605 a factor of 157079567?
False
Does 176 divide 379311922?
False
Is 1048 a factor of 32127488?
True
Is 16097130 a multiple of 102?
True
Is 2990 a factor of 706680520?
True
Is 13 a factor of 45783283?
True
Is 94363308 a multiple of 22?
False
Is 129 a factor of 691827?
True
Is 10406430 a multiple of 215?
True
Is 6022653 a multiple of 27?
False
Does 1691 divide 11341171?
False
Is 75 a factor of 207141292?
False
Does 270 divide 145998450?
True
Is 3381 a factor of 82588634?
False
Is 27159 a multiple of 33?
True
Is 305 a factor of 126488584?
False
Is 508753037 a multiple of 16?
False
Is 806 a factor of 30650568?
True
Is 6699 a factor of 2254552550?
False
Is 784269360 a multiple of 240?
True
Is 82075586 a multiple of 258?
False
Is 105630528 a multiple of 732?
True
Is 205 a factor of 2088833150?
True
Is 38 a factor of 35635934?
False
Is 12 a factor of 3522012672?
True
Is 15 a factor of 4281831936?
False
Is 50 a factor of 109143242?
False
Is 1838835385 a multiple of 593?
False
Does 209 divide 286240421?
False
Does 55 divide 418517275?
True
Is 106928591 a multiple of 1912?
False
Is 175448764 a multiple of 153?
False
Is 191 a factor of 2033539?
False
Is 4645636 a multiple of 1287?
False
Is 1386794928 a multiple of 881?
False
Does 104 divide 483823120?
False
Is 56 a factor of 1910907527?
False
Is 1445 a factor of 548407845?
True
Is 1132164575 a multiple of 137?
True
Does 1254 divide 43322603?
False
Is 1051 a factor of 19604422?
False
Is 292362462 a multiple of 1358?
True
Does 2 divide 2162480?
True
Does 13 divide 78383136?
True
Is 6 a factor of 260148498?
True
Is 1236 a factor of 1214750688?
True
Does 33 divide 29284113?
False
Is 332239190 a multiple of 3055?
False
Does 655 divide 90603530?
True
Is 18 a factor of 2770313?
False
Does 17 divide 21011511?
False
Does 154 divide 16693992?
False
Does 52 divide 47187?
False
Is 43 a factor of 411714379?
True
Is 14 a factor of 80484432?
True
Is 23 a factor of 2665362?
False
Is 24 a factor of 29711032?
False
Is 31124420 a multiple of 790?
True
Is 391099185 a multiple of 15?
True
Is 3 a factor of 26524785?
True
Does 4045 divide 1735559835?
True
Does 1042 divide 20918150?
True
Is 475458025 a multiple of 20?
False
Does 37 divide 83816335?
False
Does 56 divide 571414200?
True
Is 20 a factor of 230284809?
False
Is 59005161 a multiple of 92?
False
Does 3 divide 69486552?
True
Is 94466579 a multiple of 1061?
False
Is 7033747 a multiple of 1106?
False
Is 540167430 a multiple of 930?
False
Is 10513495 a multiple of 1274?
False
Is 195 a factor of 56032343?
False
Does 3269 divide 373763970?
False
Is 66 a factor of 9937087?
False
Is 82 a factor of 33037343?
False
Is 191378376 a multiple of 18?
True
Is 11494848 a multiple of 96?
True
Is 1514514860 a multiple of 109?
False
Is 752895 a multiple of 507?
True
Is 137094513 a multiple of 15?
False
Does 3884 divide 1257161468?
True
Does 1242 divide 1279163945?
False
Is 2562917 a multiple of 8?
False
Does 53 divide 1265742674?
False
Does 9 divide 155834819?
False
Does 15 divide 43307454?
False
Is 148928131 a multiple of 818?
False
Is 17023404 a multiple of 138?
True
Is 13665455 a multiple of 2720?
False
Is 653031950 a multiple of 10?
True
Does 5 divide 6115658?
False
Is 26 a factor of 24146534?
False
Does 13 divide 606865220?
True
Does 140 divide 458143980?
True
Does 3966 divide 244258008?
True
Is 71311518 a multiple of 18?
True
Is 763 a factor of 1818982452?
False
Is 575456 a multiple of 196?
True
Does 22 divide 138052056?
False
Does 34 divide 436472518?
True
Is 11 a factor of 2600210292?
False
Is 334 a factor of 285969130?
True
Is 7 a factor of 5304495?
True
Is 16396435 a multiple of 304?
False
Does 13 divide 9832278?
False
Is 318995802 a multiple of 1911?
False
Does 2048 divide 104820736?
True
Is 14 a factor of 508116686?
True
Is 558828577 a multiple of 25?
False
Does 19 divide 344403903?
False
Does 2453 divide 22283052?
True
Is 1966541236 a multiple of 44?
True
Does 12 divide 63755052?
True
Is 126 a factor of 508705905?
False
Does 50 divide 1190941700?
True
Is 128863900 a multiple of 124?
True
Does 84 divide 461407?
False
Does 378 divide 66746862?
True
Is 148 a factor of 336705772?
True
Does 339 divide 451550373?
True
Is 218552574 a multiple of 22?
False
Does 160 divide 3781974080?
True
Does 1033 divide 227188204?
False
Does 321 divide 707236685?
False
Is 29505580 a multiple of 1405?
False
Is 212497349 a multiple of 36?
False
Does 6366 divide 331459716?
False
Is 1340682288 a multiple of 44?
True
Is 5 a factor of 21502405?
True
Is 36482883 a multiple of 133?
False
Is 16279740 a multiple of 298?
True
Is 16 a factor of 85302080?
True
Does 8356 divide 1549308834?
False
Is 188 a factor of 323868560?
False
Is 38225596 a multiple of 7?
False
Does 3984 divide 108546561?
False
Is 1338 a factor of 1846268736?
True
Is 30033972 a multiple of 1447?
False
Is 2354 a factor of 19818007?
False
Does 120 divide 526573?
False
Does 10 divide 28537220?
True
Does 4 divide 3931855?
False
Is 2464 a factor of 60019679?
False
Is 518 a factor of 33008051?
False
Does 5813 divide 161676969?
True
Is 25 a factor of 759146744?
False
Is 1532482093 a multiple of 6?
False
Is 157651200 a multiple of 5100?
True
Is 10655836 a multiple of 158?
True
Is 24950385 a multiple of 4?
False
Is 42 a factor of 109295718?
True
Is 25727838 a multiple of 1433?
False
Does 407 divide 987920868?
True
Does 957 divide 579074958?
True
Does 23 divide 5120047?
False
Is 2518 a factor of 83306576?
False
Is 419877045 a multiple of 5685?
True
Is 854809514 a multiple of 1011?
False
Is 441688090 a multiple of 144?
False
Is 131431759 a multiple of 19?
True
Is 406302596 a multiple of 106?
False
Is 4924967 a multiple of 36?
False
Does 73 divide 91087137?
True
Is 22131990 a multiple of 45?
True
Does 1147 divide 70135609?
True
Is 6 a factor of 471152640?
True
Does 822 divide 37795071?
False
Is 629 a factor of 1792031064?
True
Does 434 divide 16735040?
True
Is 80998111 a multiple of 46?
False
Does 3521 divide 188651659?
True
Is 114641196 a multiple of 1788?
True
Is 17 a factor of 16122103?
True
Does 92 divide 258678903?
False
Does 116 divide 1395590225?
False
Is 28245663 a multiple of 3?
True
Is 45 a factor of 16341296?
False
Does 61 divide 9458820?
False
Is 39040916 a multiple of 139?
False
Is 1899214 a multiple of 37?
False
Is 30727896 a multiple of 488?
True
Does 4 divide 28550215?
False
Is 439087174 a multiple of 1622?
False
Does 5 divide 13491542?
False
Does 9013 divide 3694843298?
True
Does 12 divide 79878024?
True
Is 111 a factor of 2744697?
True
Is 77 a factor of 21726853?
False
Does 3355 divide 76198760?
True
Does 7 divide 599007953?
False
Is 106410848 a multiple of 8?
True
Does 23 divide 1014785726?
False
Is 67526773 a multiple of 31?
True
Is 10 a factor of 389899610?
True
Is 26918599 a multiple of 76?
False
Is 8 a factor of 26860820?
False
Is 490 a factor of 17614520?
True
Is 7950 a factor of 2019043775?
False
Does 412 divide 612501450?
False
Is 229480902 a multiple of 15?
False
Does 170 divide 1715470?
True
Does 13 divide 197005905?
False
Does 457 divide 5895930203?
True
Does 1549 divide 473653220?
True
Is 4 a factor of 23291594?
False
Does 15 divide 344354317?
False
Is 853657966 a multiple of 7?
True
Is 30092107 a multiple of 93?
False
Is 76857690 a multiple of 26?
True
Does 2003 divide 307250185?
True
Is 6450930 a multiple of 476?
False
Is 24265150 a multiple of 14?
True
Is 959154432 a multiple of 6376?
True
Is 6117 a factor of 1909336324?
False
Is 570542523 a multiple of 633?
True
Is 61 a factor of 1173499124?
False
Is 10919120 a multiple of 820?
True
Is 142 a factor of 56889465?
False
Is 41 a factor of 4429599?
True
Is 695 a factor of 7626930?
True
Is 30787455 a multiple of 5?
True
Is 172 a factor of 1368920228?
False
Is 3635211444 a multiple of 12?
True
Is 23855730 a multiple of 15?
True
Does 22 divide 791115112?
False
Is 125475900 a multiple of 275?
True
Is 53 a factor of 20266882?
True
Is 180259470 a multiple of 30?
True
Is 5 a factor of 13299404?
False
Is 59 a factor of 22494434?
False
Does 48